{"id":2262,"date":"2023-09-01T13:48:32","date_gmt":"2023-09-01T13:48:32","guid":{"rendered":"https:\/\/autopot-france.com\/jardin\/?post_type=product&#038;p=2262"},"modified":"2025-04-13T15:45:28","modified_gmt":"2025-04-13T13:45:28","slug":"47-l-reservoir-incl-lid-and-9mm-grommet","status":"publish","type":"product","link":"https:\/\/autopot-france.com\/jardin\/product\/47-l-reservoir-incl-lid-and-9mm-grommet\/","title":{"rendered":"47 L Reservoir Incl. Lid and 9mm Grommet"},"content":{"rendered":"<p class=\"p1\">Le r\u00e9servoir de 47 litres a une capacit\u00e9 suffisante pour irriguer les syst\u00e8mes d&#8217;arrosage AutoPot suivants\u00a0:<\/p>\n<ul>\n<li class=\"p1\">1Pot \u2013 jusqu&#8217;\u00e0 6Pot<\/li>\n<li class=\"p1\">easy2grow \u2013 jusqu&#8217;\u00e0 easy2grow 4<\/li>\n<li class=\"p1\">easy2GO<\/li>\n<li class=\"p1\">Tray2Grow<\/li>\n<li class=\"p1\">AQUAbox Straight \/ Spyder<\/li>\n<\/ul>\n<p>Dimensions\u00a0: 615 mm (H) x 375 mm (L \u2013 au couvercle) x 300 mm (L \u2013 \u00e0 la base)<\/p>\n<p class=\"p1\">\u00c9levez toujours votre r\u00e9servoir \u00e0 un minimum de 150\u00a0mm au-dessus de l&#8217;AQUAvalve la plus haute.<\/p>\n<p class=\"p1\">Veuillez noter que ce produit comprend un r\u00e9servoir pr\u00e9-perc\u00e9 de 47 litres, un couvercle de r\u00e9servoir et un \u0153illet haut de forme de 9 mm. Un\u00a0<a href=\"https:\/\/autopot-france.com\/specialist\/all-products\/systems-and-modules\/easy2go\/9mm-or-6mm-top-hat-grommet\/\"><span class=\"s1 \">Le filtre de golf de 9 mm<\/span><\/a> devra \u00eatre achet\u00e9 s\u00e9par\u00e9ment.<\/p>\n","protected":false},"excerpt":{"rendered":"<p class=\"p1\">1x R\u00e9servoir 47 L<\/p>\n<p class=\"p1\">1x couvercle de r\u00e9servoir 47 L<\/p>\n<p class=\"p1\">1\u00a0\u0153illet haut-de-forme de 9\u00a0mm<\/p>\n","protected":false},"featured_media":2264,"comment_status":"open","ping_status":"closed","template":"","meta":{"_acf_changed":false},"product_brand":[],"product_cat":[83,81,85,84,82],"product_tag":[],"class_list":{"0":"post-2262","1":"product","2":"type-product","3":"status-publish","4":"has-post-thumbnail","6":"product_cat-accessoires-et-pieces-de-rechange-tray2grow","7":"product_cat-accessoires-et-pieces-de-rechange-4pot","8":"product_cat-accessoires-et-pieces-de-rechange-aquabox","9":"product_cat-accessoires-et-pieces-de-rechange-easy2go","10":"product_cat-accessoires-et-pieces-de-rechange-easy2grow","12":"first","13":"instock","14":"taxable","15":"shipping-taxable","16":"purchasable","17":"product-type-simple"},"acf":[],"_links":{"self":[{"href":"https:\/\/autopot-france.com\/jardin\/wp-json\/wp\/v2\/product\/2262","targetHints":{"allow":["GET"]}}],"collection":[{"href":"https:\/\/autopot-france.com\/jardin\/wp-json\/wp\/v2\/product"}],"about":[{"href":"https:\/\/autopot-france.com\/jardin\/wp-json\/wp\/v2\/types\/product"}],"replies":[{"embeddable":true,"href":"https:\/\/autopot-france.com\/jardin\/wp-json\/wp\/v2\/comments?post=2262"}],"wp:featuredmedia":[{"embeddable":true,"href":"https:\/\/autopot-france.com\/jardin\/wp-json\/wp\/v2\/media\/2264"}],"wp:attachment":[{"href":"https:\/\/autopot-france.com\/jardin\/wp-json\/wp\/v2\/media?parent=2262"}],"wp:term":[{"taxonomy":"product_brand","embeddable":true,"href":"https:\/\/autopot-france.com\/jardin\/wp-json\/wp\/v2\/product_brand?post=2262"},{"taxonomy":"product_cat","embeddable":true,"href":"https:\/\/autopot-france.com\/jardin\/wp-json\/wp\/v2\/product_cat?post=2262"},{"taxonomy":"product_tag","embeddable":true,"href":"https:\/\/autopot-france.com\/jardin\/wp-json\/wp\/v2\/product_tag?post=2262"}],"curies":[{"name":"wp","href":"https:\/\/api.w.org\/{rel}","templated":true}]}}